 -18))?
21
What is -3 - (8 + (2 - 2) - (-48 - -65))?
6
What is the value of -10 + (0 - 1 - 52) + -24?
-87
Calculate (-98 - -105) + 3 + -20 - (4 - 11).
-3
0 + 18 + (16 - (44 - 16))
6
(59 - (9 + 58)) + -33
-41
Calculate (36 - 34) + 3 + (1 + -5 - 10).
-9
What is the value of 15 + (-6 + 35 + -25 + 20 - 4)?
35
Calculate 25 + -104 + 22 + 61.
4
(24 - 40 - -2) + (26 - 4)
8
What is (58 - (-6 + 56)) + -73 + 3 + 12 + -12?
-62
Calculate -89 + 4 + -73 + 51 + -1 + (0 - 1).
-109
What is the value of 146 + -150 + 109 + -141?
-36
What is the value of 145 - 126 - (0 - -68) - 2?
-51
What is the value of (-141 - (-365 + 10)) + -113?
101
What is the value of -10 + (26 - -6) + -73 + 32?
-19
What is the value of -40 - ((-1 - 2) + -29 - (-213 - -199))?
-22
Evaluate -4 - (-60 - -35) - -78.
99
Evaluate 6 + -7 - -13 - (11 - -17) - -37.
21
Calculate (8 - -136) + 334 + -342.
136
What is -12 - (-2 + -10 - 4) - -10?
14
13 - (-16 - (-17 - (28 + -8)))
-8
Evaluate 14 + (-8 + -23 - 15) + -5.
-37
Evaluate (2 - (1 + 3)) + 2 + -144 + (162 - -29).
47
What is 3 + (3 - -51) - (32 + -27 + (-14 - -14))?
52
Evaluate (-33 - 3 - -1 - -9) + (-3 - 12).
-41
What is the value of 91 - (-1 + 2 - -1) - (-30 - (-209 + 170))?
80
Calculate -7 - (34 - (-14 - -28) - 23) - (16 + 1).
-21
2 + 63 + -67 - (-2 - -28)
-28
(-2 + 4 + 0 - -2) + (-17 - 6)
-19
-13 + (3 + -85 - (-5 + 4))
-94
Evaluate 157 + 1 + (-938 - -867).
87
Calculate 60 - 32 - (-2 - -42).
-12
What is -17 + (-1 + -36 - (-89 + 159 - 80))?
-44
0 - (92 + 97 + -71)
-118
Evaluate (-434 - -387) + (-4 - -4) + -3.
-50
Calculate 1 + -43 + 22 + 26 + (0 - -73 - 2).
77
Calculate 21 - (-7 - -19) - (25 + -25 + 6 + 2).
1
What is -48 - (-75 - (-47 - -101))?
81
What is (-9 - 0) + 3 + 136 + (158 - 184)?
104
-9 - (-8 + 18 - (4 + 4)) - -12
1
Calculate 18 - (44 - 19) - (19 - (9 - 9)).
-26
Calculate (32 - -28) + -10 + -45.
5
Calculate (127 - (35 + 53)) + -2 + 87.
124
What is -8992 + 8971 + (0 - -62)?
41
What is (-497 - -518) + (-75 - 5)?
-59
What is the value of 5 + 0 - (5 - 23 - (-69 - -62))?
16
Calculate (3 - 7) + 15 + -2 + (63 - (12 + 24)).
36
What is the value of 36 - 62 - (-3 + -47)?
24
-238 + 46 - -143 - 84
-133
What is the value of -82 + (-187 - -340) + 1 + 2 + -7?
67
-23 + (-5 - -10) + -62 + (5 - -1)
-74
What is the value of (-5 - 9) + 0 + -28 + (-19 - (29 + -30))?
-60
Evaluate (-9 + -20 - -20) + (2 - (0 - 55 - -2)).
46
What is 607 + -665 - (3 - (-3 + 4) - 11)?
-49
What is the value of (2 - (24 - (-13 - -28))) + -15?
-22
What is 8 - (-13 + -20 + 26 + (105 - -10))?
-100
Calculate 37 - (80 - 26) - -45.
28
Evaluate 45 + (-41 - 15) - -37.
26
What is -54 + 2 + -2 + (5 - -2) + -228 + 226?
-49
What is -18 + (40 - (20 + -24 + 14))?
12
(86 + -99 - (-2 - 27)) + 84 + 30
130
Calculate (-193 - -182) + 72 + -8 + 7.
60
Evaluate 24 - (49 + -20 + -16 + (0 - 2)).
13
What is (39 - -4) + (-8 - -33) + -16?
52
What is -7 - -11 - -55 - (20 + -20)?
59
(-3 - -21) + 22 + (-57 - -32)
15
What is the value of (-114 + 132 - 76) + 61?
3
Calculate 33 + -9 - 70 - -84.
38
(-278 + 181 - -99) + 16 + 0 + -2 + -122
-106
-20 - (66 - 79) - (9 - -1)
-17
What is 9 + -12 + (-13 + 3 - -13) + 4 + 10?
14
-28 + (59 - -25) + -55
1
94 - (-48 - -96) - 1
45
Evaluate 8 - 0 - (16 - -25) - (-181 - -179).
-31
Evaluate -374 + 311 - (-22 + 2).
-43
Calculate 21 + 11 - ((7 - (2 + 2)) + (1 - 10)).
38
Calculate -69 + -84 + 200 + 5.
52
What is (3 - -16) + (-79 + 75 - (1 + -18))?
32
What is the value of (0 - 31) + (-17 - (17 + 0 + -37))?
-28
What is the value of 0 + 26 + -7 + -1 + 39 + (-55 - -33)?
35
Evaluate (0 - -22 - (-32 + (21 - -23))) + 20.
30
(58 - (-32 + 63) - (2 + 19)) + 99
105
What is the value of 1 + -25 - (-12 + -67 + 130)?
-75
Calculate -17 - (-11 + 11 + (-5 - -24)).
-36
(16 - -12) + -30 + -3 + 3 + -39
-41
50 - (-83 + 222 - 108)
19
Calculate 10178 - 10201 - (-115 - 2).
94
What is the value of (2 - 27) + (52 - (104 + -56))?
-21
Evaluate -11 + (-12 - ((2 - (-13 - -11)) + 14 + 9)).
-50
Evaluate -1 - (-27 - (15 + -89 - -3)).
-45
(-13 - (5 + 1)) + 361 + -327
15
Evaluate (348 - 365) + 25 + 2.
10
Evaluate (-7 - (26 - 23 - (24 - -1))) + 10.
25
Evaluate 1 + -123 - (-10960 + 10715).
123
20 - (56 - 8 - 69)
41
What is the value of 8 + 2 - ((76 - 2) + (-21 - 13) + 25)?
-55
Calculate 31 - (31 + -53) - (-5 + 2).
56
What is the value of (4 - (69 + 2 + 3)) + -39 + 59?
-50
38 - (-18 - -1 - (3 - 15 - -8))
51
Evaluate 12 + (-16 - -99) + 1 + 11 + -7 + -13.
87
Calculate -5 + -10 + 23 + -4 + 13 + 51.
68
What is -47 + 35 - (-77 - -41)?
24
Calculate 36 - (43 + 35 + -52) - -74.
84
What is the value of 23 + (-155 - (90 - 159))?
-63
What is -15 + -11 - (12 + -17 + 11)?
-32
Calculate 4 + -12 + (4 + -12 - -1 - (-129 + 69)).
45
Calculate (-177 - (-67 - 54)) + 152.
96
Calculate (-29 + -27 + 54 - (-4 + 5 - -20)) + -12.
-35
Calculate -7 - (22 + -62 + 12 + 16 - -51).
-46
-2 + 4 + -43 + -2 + 25 + -653 + 621
-50
What is the value of -2 - -2 - (67 - (29 - (20 - -2)))?
-60
Calculate -88 + 88 + -7 + (-1 - -2) - (-232 - -202).
24
What is (-2623 - -2646) + -77 + 1?
-53
Evaluate 9 + (6 + -2 - (26 - 16)) + (-15 - -42).
30
Calculate 10 - (118 + -125 + 2 + (2 - 1) + 62).
-48
(3 - (-14 - -38)) + 35 + (23 - -1)
38
What is -220769 - -220770 - ((-1 - (-1 - -1)) + (1 - -2))?
-1
Evaluate (-101 - (-1 + -1 - -2)) + (-189 - (-94 - 90)).
-106
(-9 - 2) + (-34 - (24 + -32))
-37
Evaluate -61 + (-18 + 11 - (3 + (-4 - 1 - 6))).
-60
(-42 - (-217 + 70)) + -30 + 3
78
Evaluate (-15 - -41 - -26) + -91.
-39
What is the value of 25 + (87 - 151) + -107?
-146
What is the value of 12 + (54 - 66) + -3 + (-2 - 53) + 11?
-47
(-52 - -23) + 15 - (-103 - (2 + -2))
89
Evaluate (50 - ((0 - -3) + -9)) + (0 - (-4 + -1)).
61
Evaluate (7 + 7 + -13 - -4) + (34 - 42).
-3
-2 + -52 - (-86 - -92)
-60
What is (26 - 2) + (33 - 4) + -13?
40
Calculate (10 - (26 + -4)) + 0 + 77 + -7.
58
(11 - 34) + (-68 - 24) + 20
-95
Evaluate (2 - 39) + -384 + 439.
18
What is (-14 - 12) + 48 + 2 + 2?
26
Evaluate 26 - (68 - (33 + 10)) - (2 - 9).
8
(22 - 20) + -26 - (-21 - -6)
-9
What is the value of 7 + (-9 - (0 + 9 + -14)) - -74?
77
What is 64 + -22 + (139 - 110)?
71
What is the value of 31 + 2 + -33 + -2 + 15 - (-28 - 0)?
41
Calculate 1 + -7 - (23 + 4 + -25) - -8.
0
12 + 1 - (70 + (6 - 62))
-1
What is the value of (-4 - -8) + 13 + -12 + -26?
-21
-4 - -1 - (24 + ((4 - 7) + -13 - -1))
-12
What is -54 - ((-6 - (-2 - (7 - 21))) + 11 - -5)?
-52
What is -56 + (44 - 26 - (1 - (4 + -21)))?
-56
Evaluate 19 - (13 - 4) - (-11 + -18 + 38).
1
(8 - 2 - 4 - (-62 - -71)) + (27 - 1)
19
Calculate -49 + 5 + (2 - -11) + -3 + -10.
-44
Calculate (-1 - (-19 - -22) - -30) + (1 - -1).
28
2 - 0 - (-60 - (11 + -9 + -17))
47
What is -873 + 923 - (40 + 0) - (-1 + 2 - -66)?
-57
Evaluate -1 + 3 - (-8 + 1) - (268 - 127 - 115).
-17
Evaluate -12 + (7 - 7) + -11 + 18.
-5
Evaluate -29 - (-19 + 18 - 1).
-27
Calculate (-4 - -14) + 0 + -36 + 17 - 97.
-106
(-1 - 18) + (-3 - -3 - 5)
-24
What is -122 + (-3 - -117) - -110?
102
What is (-19 - 1) + (174 - 39 - 36)?
79
53 - (-37 - (-46 + (42 - 23)))
63
What is the value of (3 - 70) + (2 + 21 + -6 + -6 - 9)?
-65
What is 18 - ((42 - 20) + -8)?
4
Calculate (23 - -69) + -129 - (24 + 2).
-63
20 + -19 + 28 + -47
-18
What is the value of (24 - 10 - 64) + 58?
8
Calculate (6 - -16 - 8) + (-5 + 9 - 17).
1
(54 - -61) + (-9 + 6 - (3 + 0)) - -13
122
What is the value of -5 + 110 - ((11 - (2 - -7) - 0) + 4)?
99
Calculate 66 + -103 - 24 - (-1 - (-3 - -13)).
-50
Evaluate 97 - (-159 - -103 - -178).
-25
What is (-6 + 22 - 18) + (12 - 7) + 4?
7
What is the value of (-12 + 0 - -13) + -35 + 4 + -18?
-48
Calculate -13 - (-79 - (-43 + 9)).
32
Evaluate 2 + -14 + (353 - 303).
38
65 + -88 + 34 - (-62 + (2 - 1 - 1))
73
-308 + 287 + 0 + 10 - (-6 + -13)
8
What is the value of -122 + (42 - (-2 + -5)) + -6?
-79
What is 51 - (156 - 41) - -115?
51
23 + (-14 - -7) + (-148 - -140)
8
What is 2890 - 2788 - (2 - 5 - 2 - -1)?
106
Calculate 46 + (-5 - (-8 + (7 - -10) - 6)) + 7.
45
Evaluate -44 + 2 + 3 + 16 + (-12 + 9 - 6).
-32
Calculate 2 + 9 - (-13 + -7 + -11 + 41) - 61.
-60
What is -10 - -42 - (-49 - (-24 - -4))?
61
Evaluate 1 + -12 + (42 - 15) + (-7 - -17).
26
Evaluate 20 - (-33 - -12 - -8).
33
What is (2 - -17) + (-19 - (-42 + 29)) + -3?
10
What is -2584 + 2595 + (0 - 1) + -68?
-58
-7 + 9 - (4 + 2) - (19 + (-40 - -56))
-39
Evaluate -96 -